{"id":16,"date":"2014-11-19T20:04:21","date_gmt":"2014-11-19T20:04:21","guid":{"rendered":"http:\/\/www.colegiopaulalcoy.com\/orientacion\/?page_id=16"},"modified":"2023-11-14T16:30:13","modified_gmt":"2023-11-14T16:30:13","slug":"somos","status":"publish","type":"page","link":"https:\/\/www.colegiopaulalcoy.com\/orientacion\/?page_id=16","title":{"rendered":"Somos&#8230;"},"content":{"rendered":"<p>Digamos que el lugar es lo de menos, pero tenemos un rinc\u00f3n especial para \u00abperdernos\u00bb.<\/p>\n<p>Somos cinco, cada una con sus peculiaridades, pero al final, UN EQUIPO, para ayudarte.<\/p>\n<p>&nbsp;<\/p>\n<p>\u00c9sta es M\u00f3nica. Psic\u00f3loga de formaci\u00f3n. Profe de Ciclos. Animadora, paciente y positiva.<\/p>\n<p><img loading=\"lazy\" decoding=\"async\" class=\"aligncenter wp-image-70\" src=\"http:\/\/www.colegiopaulalcoy.com\/orientacion\/wp-content\/uploads\/2014\/12\/m\u00f3nica.jpg\" alt=\"m\u00f3nica\" width=\"178\" height=\"142\" srcset=\"https:\/\/www.colegiopaulalcoy.com\/orientacion\/wp-content\/uploads\/2014\/12\/m\u00f3nica.jpg 768w, https:\/\/www.colegiopaulalcoy.com\/orientacion\/wp-content\/uploads\/2014\/12\/m\u00f3nica-300x239.jpg 300w, https:\/\/www.colegiopaulalcoy.com\/orientacion\/wp-content\/uploads\/2014\/12\/m\u00f3nica-187x150.jpg 187w, https:\/\/www.colegiopaulalcoy.com\/orientacion\/wp-content\/uploads\/2014\/12\/m\u00f3nica-150x119.jpg 150w\" sizes=\"auto, (max-width: 178px) 100vw, 178px\" \/><\/p>\n<p>Nuria es profe de PT de Primaria (pedagog\u00eda terap\u00e9utica). Trabajadora incansable, organizada y muy creativa.<\/p>\n<p><a href=\"http:\/\/www.colegiopaulalcoy.com\/orientacion\/wp-content\/uploads\/2014\/12\/nuria.jpg\"><img loading=\"lazy\" decoding=\"async\" class=\"wp-image-71 aligncenter\" src=\"http:\/\/www.colegiopaulalcoy.com\/orientacion\/wp-content\/uploads\/2014\/12\/nuria.jpg\" alt=\"nuria\" width=\"191\" height=\"153\" srcset=\"https:\/\/www.colegiopaulalcoy.com\/orientacion\/wp-content\/uploads\/2014\/12\/nuria.jpg 768w, https:\/\/www.colegiopaulalcoy.com\/orientacion\/wp-content\/uploads\/2014\/12\/nuria-300x239.jpg 300w, https:\/\/www.colegiopaulalcoy.com\/orientacion\/wp-content\/uploads\/2014\/12\/nuria-187x150.jpg 187w, https:\/\/www.colegiopaulalcoy.com\/orientacion\/wp-content\/uploads\/2014\/12\/nuria-150x119.jpg 150w\" sizes=\"auto, (max-width: 191px) 100vw, 191px\" \/><\/a><\/p>\n<p>Patri, profe de PT\u00a0 y AL (Audici\u00f3n y\u00a0 Lenguaje) de Primaria. Dulce y sensible. Le encanta navegar en la web en busca de nuevos retos.<\/p>\n<p><img loading=\"lazy\" decoding=\"async\" class=\"aligncenter wp-image-72\" src=\"http:\/\/www.colegiopaulalcoy.com\/orientacion\/wp-content\/uploads\/2014\/12\/patri.jpg\" alt=\"patri\" width=\"206\" height=\"164\" srcset=\"https:\/\/www.colegiopaulalcoy.com\/orientacion\/wp-content\/uploads\/2014\/12\/patri.jpg 768w, https:\/\/www.colegiopaulalcoy.com\/orientacion\/wp-content\/uploads\/2014\/12\/patri-300x239.jpg 300w, https:\/\/www.colegiopaulalcoy.com\/orientacion\/wp-content\/uploads\/2014\/12\/patri-187x150.jpg 187w, https:\/\/www.colegiopaulalcoy.com\/orientacion\/wp-content\/uploads\/2014\/12\/patri-150x119.jpg 150w\" sizes=\"auto, (max-width: 206px) 100vw, 206px\" \/><\/p>\n<p>Maria es nuestra \u00faltima adquisici\u00f3n: profesora de PT de Secundaria. Paciente, observadora y el alma de nuestras redes sociales.<\/p>\n<p><a href=\"http:\/\/www.colegiopaulalcoy.com\/orientacion\/wp-content\/uploads\/2019\/05\/angi.png\"><img loading=\"lazy\" decoding=\"async\" class=\"aligncenter wp-image-411\" src=\"http:\/\/www.colegiopaulalcoy.com\/orientacion\/wp-content\/uploads\/2019\/05\/angi-300x169.png\" alt=\"\" width=\"428\" height=\"241\" srcset=\"https:\/\/www.colegiopaulalcoy.com\/orientacion\/wp-content\/uploads\/2019\/05\/angi-300x169.png 300w, https:\/\/www.colegiopaulalcoy.com\/orientacion\/wp-content\/uploads\/2019\/05\/angi-150x84.png 150w, https:\/\/www.colegiopaulalcoy.com\/orientacion\/wp-content\/uploads\/2019\/05\/angi.png 683w\" sizes=\"auto, (max-width: 428px) 100vw, 428px\" \/><\/a><\/p>\n<p>Y por \u00faltimo, Isa. Pedagoga, artista de los cuentos y responsable del equipo.<\/p>\n<p><a href=\"http:\/\/www.colegiopaulalcoy.com\/orientacion\/wp-content\/uploads\/2014\/12\/Isa1.jpg\"><img loading=\"lazy\" decoding=\"async\" class=\"aligncenter wp-image-73\" src=\"http:\/\/www.colegiopaulalcoy.com\/orientacion\/wp-content\/uploads\/2014\/12\/Isa1.jpg\" alt=\"Isa\" width=\"222\" height=\"177\" srcset=\"https:\/\/www.colegiopaulalcoy.com\/orientacion\/wp-content\/uploads\/2014\/12\/Isa1.jpg 768w, https:\/\/www.colegiopaulalcoy.com\/orientacion\/wp-content\/uploads\/2014\/12\/Isa1-300x239.jpg 300w, https:\/\/www.colegiopaulalcoy.com\/orientacion\/wp-content\/uploads\/2014\/12\/Isa1-187x150.jpg 187w, https:\/\/www.colegiopaulalcoy.com\/orientacion\/wp-content\/uploads\/2014\/12\/Isa1-150x119.jpg 150w\" sizes=\"auto, (max-width: 222px) 100vw, 222px\" \/><\/a><\/p>\n<p>Nuestro objetivo, siempre, encontrar formas \u00a0creativas de enfrentarnos a los retos. Nos preocupa formarnos cont\u00ednuamente. Sabemos que nuestro papel es importante en un centro vicenciano y estamos orgullosas de nuestro cole.<\/p>\n","protected":false},"excerpt":{"rendered":"<p>Digamos que el lugar es lo de menos, pero tenemos un rinc\u00f3n especial para \u00abperdernos\u00bb. Somos cinco, cada una con sus peculiaridades, pero al final, UN EQUIPO, para ayudarte. &nbsp; \u00c9sta es M\u00f3nica. Psic\u00f3loga de formaci\u00f3n. Profe de Ciclos. Animadora, &hellip; <a href=\"https:\/\/www.colegiopaulalcoy.com\/orientacion\/?page_id=16\">Continue reading <span class=\"meta-nav\">&rarr;<\/span><\/a><\/p>\n","protected":false},"author":1,"featured_media":0,"parent":0,"menu_order":0,"comment_status":"closed","ping_status":"open","template":"","meta":{"footnotes":""},"class_list":["post-16","page","type-page","status-publish","hentry"],"_links":{"self":[{"href":"https:\/\/www.colegiopaulalcoy.com\/orientacion\/index.php?rest_route=\/wp\/v2\/pages\/16","targetHints":{"allow":["GET"]}}],"collection":[{"href":"https:\/\/www.colegiopaulalcoy.com\/orientacion\/index.php?rest_route=\/wp\/v2\/pages"}],"about":[{"href":"https:\/\/www.colegiopaulalcoy.com\/orientacion\/index.php?rest_route=\/wp\/v2\/types\/page"}],"author":[{"embeddable":true,"href":"https:\/\/www.colegiopaulalcoy.com\/orientacion\/index.php?rest_route=\/wp\/v2\/users\/1"}],"replies":[{"embeddable":true,"href":"https:\/\/www.colegiopaulalcoy.com\/orientacion\/index.php?rest_route=%2Fwp%2Fv2%2Fcomments&post=16"}],"version-history":[{"count":13,"href":"https:\/\/www.colegiopaulalcoy.com\/orientacion\/index.php?rest_route=\/wp\/v2\/pages\/16\/revisions"}],"predecessor-version":[{"id":748,"href":"https:\/\/www.colegiopaulalcoy.com\/orientacion\/index.php?rest_route=\/wp\/v2\/pages\/16\/revisions\/748"}],"wp:attachment":[{"href":"https:\/\/www.colegiopaulalcoy.com\/orientacion\/index.php?rest_route=%2Fwp%2Fv2%2Fmedia&parent=16"}],"curies":[{"name":"wp","href":"https:\/\/api.w.org\/{rel}","templated":true}]}}