{"id":28,"date":"2014-11-19T20:15:51","date_gmt":"2014-11-19T20:15:51","guid":{"rendered":"http:\/\/www.colegiopaulalcoy.com\/orientacion\/?page_id=28"},"modified":"2019-05-15T14:46:29","modified_gmt":"2019-05-15T14:46:29","slug":"en-el-cole","status":"publish","type":"page","link":"https:\/\/www.colegiopaulalcoy.com\/orientacion\/?page_id=28","title":{"rendered":"En el cole&#8230;"},"content":{"rendered":"<p>Proponemos diferentes temas para trabajar con el alumnado de todas edades, desde Educaci\u00f3n Infantil a Ciclos Formativos. Nuestra intenci\u00f3n es llegar a cada etapa educativa seg\u00fan sus necesidades e inquietudes.<\/p>\n<p>Lo hacemos en colaboraci\u00f3n con los tutores, profesores especialistas y expertos ajenos al centro, mediante talleres, charlas, tutor\u00edas, testimonios reales,&#8230; Siempre teniendo en cuenta los valores vicencianos y la educaci\u00f3n integral de nuestros alumnos.<\/p>\n<p>Con una metodolog\u00eda inclusiva, personalizada, atendiendo a cada alumno y alumna a partir de sus necesidades.<\/p>\n<blockquote><p>\u00abQuien se atreva a ense\u00f1ar, nunca debe dejar de aprender\u00bb. Jonh Cotton Dana.<\/p><\/blockquote>\n","protected":false},"excerpt":{"rendered":"<p>Proponemos diferentes temas para trabajar con el alumnado de todas edades, desde Educaci\u00f3n Infantil a Ciclos Formativos. Nuestra intenci\u00f3n es llegar a cada etapa educativa seg\u00fan sus necesidades e inquietudes. Lo hacemos en colaboraci\u00f3n con los tutores, profesores especialistas y &hellip; <a href=\"https:\/\/www.colegiopaulalcoy.com\/orientacion\/?page_id=28\">Continue reading <span class=\"meta-nav\">&rarr;<\/span><\/a><\/p>\n","protected":false},"author":1,"featured_media":0,"parent":0,"menu_order":5,"comment_status":"closed","ping_status":"closed","template":"","meta":{"footnotes":""},"class_list":["post-28","page","type-page","status-publish","hentry"],"_links":{"self":[{"href":"https:\/\/www.colegiopaulalcoy.com\/orientacion\/index.php?rest_route=\/wp\/v2\/pages\/28","targetHints":{"allow":["GET"]}}],"collection":[{"href":"https:\/\/www.colegiopaulalcoy.com\/orientacion\/index.php?rest_route=\/wp\/v2\/pages"}],"about":[{"href":"https:\/\/www.colegiopaulalcoy.com\/orientacion\/index.php?rest_route=\/wp\/v2\/types\/page"}],"author":[{"embeddable":true,"href":"https:\/\/www.colegiopaulalcoy.com\/orientacion\/index.php?rest_route=\/wp\/v2\/users\/1"}],"replies":[{"embeddable":true,"href":"https:\/\/www.colegiopaulalcoy.com\/orientacion\/index.php?rest_route=%2Fwp%2Fv2%2Fcomments&post=28"}],"version-history":[{"count":5,"href":"https:\/\/www.colegiopaulalcoy.com\/orientacion\/index.php?rest_route=\/wp\/v2\/pages\/28\/revisions"}],"predecessor-version":[{"id":413,"href":"https:\/\/www.colegiopaulalcoy.com\/orientacion\/index.php?rest_route=\/wp\/v2\/pages\/28\/revisions\/413"}],"wp:attachment":[{"href":"https:\/\/www.colegiopaulalcoy.com\/orientacion\/index.php?rest_route=%2Fwp%2Fv2%2Fmedia&parent=28"}],"curies":[{"name":"wp","href":"https:\/\/api.w.org\/{rel}","templated":true}]}}